100
In base 4, what is 20 - -23?
103
In base 7, what is -624 + 2?
-622
In base 8, what is 21 + -11?
10
In base 12, what is 43 + -4?
3b
In base 14, what is 29 - 216?
-1cb
In base 8, what is -3 - -66?
63
In base 15, what is -2 - -2c?
2a
In base 13, what is -2 - -29?
27
In base 7, what is -1 - -12?
11
In base 11, what is -11841 + 2?
-1183a
In base 15, what is 5 + -a1?
-9b
In base 5, what is 1140 + -3?
1132
In base 11, what is -3 + 414?
411
In base 10, what is 21 - 104?
-83
In base 11, what is 275 - -1?
276
In base 8, what is 3474 - 0?
3474
In base 2, what is 100 + 11000010?
11000110
In base 13, what is 97 + 11?
a8
In base 13, what is -4 + -96?
-9a
In base 2, what is -11 + -11000?
-11011
In base 10, what is -99 - -196?
97
In base 3, what is 10000 + -10?
2220
In base 2, what is -1001 - 10111?
-100000
In base 14, what is 208 + 18?
222
In base 16, what is -1 - ce?
-cf
In base 13, what is 5 + 67?
6c
In base 10, what is -2751 - 3?
-2754
In base 4, what is 3131 + 0?
3131
In base 4, what is -10 + 110133?
110123
In base 8, what is -4 - 117?
-123
In base 14, what is -7 + -39?
-42
In base 16, what is 11 - -b?
1c
In base 16, what is -1 + 183?
182
In base 2, what is 101111001 - -11011?
110010100
In base 2, what is -11011 + 1101010?
1001111
In base 12, what is 254b - 5?
2546
In base 3, what is -2 - 200?
-202
In base 14, what is -3 + -bb?
-c0
In base 15, what is 8 - -893?
89b
In base 15, what is 4 + -7?
-3
In base 16, what is 3 + -10?
-d
In base 10, what is 5 + 20?
25
In base 12, what is -855a - -2?
-8558
In base 8, what is -1052 + 4?
-1046
In base 4, what is 0 - -2010?
2010
In base 15, what is 1010 + 2?
1012
In base 9, what is -181 + -2?
-183
In base 4, what is 121 + 1?
122
In base 11, what is 250 - -1?
251
In base 16, what is 22 - 19?
9
In base 6, what is 1403 - 3?
1400
In base 6, what is 2 + 230?
232
In base 9, what is -10400 - -4?
-10385
In base 9, what is -3 - 1?
-4
In base 6, what is 2534 - 5?
2525
In base 10, what is 16144 - 4?
16140
In base 4, what is -2132131 - -10?
-2132121
In base 11, what is -84 + -2?
-86
In base 10, what is 42 - -58?
100
In base 15, what is 41 - -a?
4b
In base 3, what is -1 + -1111111?
-1111112
In base 6, what is -12 - 432?
-444
In base 12, what is 1198 - 2?
1196
In base 11, what is 2 - -305?
307
In base 2, what is -101 - -10010011111?
10010011010
In base 4, what is 2 - -101311?
101313
In base 2, what is 11011 - 0?
11011
In base 11, what is -33 + 1?
-32
In base 2, what is 10010 + 1110?
100000
In base 4, what is -20 + -12100?
-12120
In base 10, what is -25940 + -3?
-25943
In base 4, what is -102 - 1301?
-2003
In base 11, what is -1675 - -4?
-1671
In base 5, what is 10 + -1123?
-1113
In base 3, what is -1112 + 12?
-1100
In base 8, what is 2 + -1257?
-1255
In base 3, what is -1012 - 20?
-1102
In base 15, what is -93 - 5?
-98
In base 8, what is -1 + 335?
334
In base 2, what is -10 + -11101001101?
-11101001111
In base 8, what is 24 + 6?
32
In base 5, what is -231 + 11?
-220
In base 6, what is 4 - -2245?
2253
In base 12, what is 1 - 555?
-554
In base 13, what is -5 - b6c?
-b74
In base 9, what is -2 - 487?
-500
In base 16, what is -24dc - -5?
-24d7
In base 6, what is 2 + -351?
-345
In base 3, what is -121 - -220212?
220021
In base 9, what is 2 - 16?
-14
In base 4, what is -31 - -21?
-10
In base 13, what is 2 - 165a?
-1658
In base 15, what is 3913 + 1?
3914
In base 16, what is -2f + 1?
-2e
In base 14, what is 3d2 - d?
3c3
In base 15, what is 2c1 + -2?
2be
In base 7, what is 2305 - 2?
2303
In base 9, what is 330 - 4?
325
In base 4, what is 1101 + 12?
1113
In base 11, what is -7 - -105?
a9
In base 16, what is -165b - 3?
-165e
In base 10, what is 430 + 1?
431
In base 10, what is -1 + -55?
-56
In base 14, what is 3 - 11?
-c
In base 9, what is 10 + -6?
3
In base 2, what is 11000 + 100100110?
100111110
In base 11, what is -1428 - -5?
-1423
In base 12, what is 1a + -34?
-16
In base 2, what is 1011 - -1?
1100
In base 8, what is 563 + -2?
561
In base 3, what is 12121111 - 12?
12121022
In base 7, what is 25 - -20?
45
In base 11, what is -85a - 2?
-861
In base 16, what is 5 - -3a?
3f
In base 16, what is -51 - -5c?
b
In base 5, what is 122 - 2222?
-2100
In base 12, what is -3 - -1112?
110b
In base 15, what is -db + 0?
-db
In base 7, what is -15 - 2532?
-2550
In base 14, what is -5 + 3a?
35
In base 7, what is 60 + 606?
666
In base 8, what is -24 - 2?
-26
In base 8, what is -2 + -1507?
-1511
In base 4, what is 12022 + 120?
12202
In base 4, what is 0 + -1120031?
-1120031
In base 13, what is -1 - 0?
-1
In base 14, what is 796 - -4?
79a
In base 6, what is 100 + -35?
21
In base 13, what is -5 + -1b8?
-1c0
In base 11, what is -2 + 66?
64
In base 3, what is 11 - 20101?
-20020
In base 4, what is 12102 + 3?
12111
In base 11, what is -91 + -2?
-93
In base 5, what is 343422 + 4?
343431
In base 8, what is -2 - 65?
-67
In base 3, what is -2 + 1022?
1020
In base 15, what is d9c - 5?
d97
In base 8, what is -20 - -5?
-13
In base 6, what is 125 - 22?
103
In base 15, what is 5b0 + 0?
5b0
In base 13, what is 4bc - 3?
4b9
In base 10, what is -7 - -1960?
1953
In base 12, what is -88 + b?
-79
In base 9, what is 307 - -5?
313
In base 9, what is 131 + -8?
122
In base 6, what is -120 + -22?
-142
In base 11, what is -5 - -428?
423
In base 2, what is -10001000 + -100?
-10001100
In base 15, what is -83 - 2?
-85
In base 9, what is 108 - 4?
104
In base 13, what is 101 - -1a?
11b
In base 11, what is 15 + 10?
25
In base 8, what is 3443 + -2?
3441
In base 2, what is -10000000 + 1?
-1111111
In base 9, what is -67 - 0?
-67
In base 4, what is -1133232 + -1?
-1133233
In base 3, what is -10221200 + -22?
-10221222
In base 14, what is 2 + -560?
-55c
In base 6, what is 0 - -1051?
1051
In base 9, what is -5 - 2150?
-2155
In base 7, what is 10 - 231?
-221
In base 15, what is -57 - -33?
-24
In base 16, what is 2 - -33?
35
In base 14, what is -4 - 12?
-16
In base 16, what is 5 + 111?
116
In base 3, what is -10 + -10111?
-10121
In base 11, what is 0 + 1566?
1566
In base 16, what is 101 - -1?
102
In base 15, what is 58c + 4?
591
In base 8, what is 37 + 4?
43
In base 5, what is -24 - -10?
-14
In base 7, what is 15043 - 5?
15035
In base 6, what is -2 - -544?
542
In base 16, what is -8 + -22?
-2a
In base 2, what is -111011 + 11?
-111000
In base 6, what is 0 + -33?
-33
In base 3, what is -110210 + -12?
-110222
In base 11, what is aa14 - -4?
aa18
In base 13, what is 57 + 43?
9a
In base 2, what is 111 + 1110?
10101
In base 6, what is -450 - 4?
-454
In base 10, what is -4678 + 5?
-4673
In base 14, what is -1 - 36?
-37
In base 6, what is 1 + -445?
-444
In base 10, what is 10 + -35?
-25
In base 8, what is -23 + -44?
-67
In base 8, what is -54 - -136?
62
In base 5, what is -11304 - 1?
-11310
In base 9, what is 508 + -5?
503
In base 2, what is 100 - 11100?
-11000
In base 6, what is 34 + -210?
-132
In base 10, what is 13 + 22?
35
In base 16, what is 8 - -55d?
565
In base 4, what is 11 + 102?
113
In base 9, what is 15 - 45?
-30
In base 6, what is -151 - -21?
-130
In base 11, what is -294 - -5?
-28a
In base 15, what is 31d + -3?
31a
In base 11, what is -186 + -7?
-192
In base 6, what is -31 + 1532?
1501
In base 12, what is -820 + -5?
-825
In base 3, what is -12 - -10100?
10011
In base 10, what is 17 + 106?
123
In base 7, what is 1 - 131?
-130
In base 7, what is 0 + -20410?
-20410
In base 10, what is 26687 - -3?
26690
In base 12, what is 9 - 27?
-1a
In base 13, what is 19 - 10?
9
In base 8, what is -12562 + -5?
-12567
In base 2, what is -1001 - -101101101?
101100100
In base 14, what is 5d - -5?
64
In base 10, what is -201 - 2?
-203
In base 14, what is 1 - 66?
-65
In base 7, what is -15 - -2150?
2132
In base 5, what is 100 - 1?
44
In base 7, what is 66 - -243?
342
In base 7, what is -2260 - -4?
-2253
In base 16, what is -1 + 15?
14
In base 2, what is -1100001 - -11?
-1011110
In base 11, what is -138a - -3?
-1387
In base 16, what is -5 + -a0?
-a5
In base 12, what is 119 - 1?
118
In base 15, what is 1da - -2?
1dc
In base 2, what is 1110 - 1110?
0
In base 10, what is -5 - 63?
-68
In base 14, what is 0 + 20?
20
In base 6, what is 4 + -1213?
-1205
In base 10, what is -239 - 4?
-243
In base 13, what is 3 - -41c?
422
In base 10, what is 319 - -7?
326
In base 15, what is 32 - -4a?
7c
In base 11, what is -a64 + 1?
-a6